6 composite?
True
Is 22134898 prime?
False
Is 19125713 prime?
False
Is 261207029 prime?
False
Is 7160639 a composite number?
True
Is 34138211 a prime number?
True
Is 146319731 a prime number?
False
Is 46946023 prime?
False
Is 31138637 prime?
True
Is 1061089 a prime number?
False
Is 2875871 prime?
True
Is 483182155 a prime number?
False
Is 154615273 prime?
True
Is 198986953 a composite number?
True
Is 3430423 a composite number?
False
Is 1355836369 prime?
True
Is 46879723 a prime number?
False
Is 2561569 a composite number?
True
Is 35987855 prime?
False
Is 30858483 a composite number?
True
Is 5731721 prime?
False
Is 159456419 composite?
False
Is 10078661 composite?
True
Is 5386181 composite?
False
Is 4567057 a prime number?
False
Is 66834317 composite?
True
Is 34816546 a prime number?
False
Is 11484131 a composite number?
True
Is 66544223 composite?
False
Is 70780237 a composite number?
True
Is 10504019 prime?
True
Is 722171803 a composite number?
False
Is 1667723 a composite number?
False
Is 890033 a prime number?
False
Is 520185763 a prime number?
True
Is 26064938 a prime number?
False
Is 803863 composite?
True
Is 2230381 a prime number?
False
Is 1076594329 a composite number?
False
Is 92653102 composite?
True
Is 7926151 composite?
False
Is 87456751 a prime number?
False
Is 148829 prime?
True
Is 98768147 a prime number?
False
Is 62297 a prime number?
True
Is 16584835 a composite number?
True
Is 22128235 composite?
True
Is 33784411 a prime number?
True
Is 42897581 composite?
True
Is 71639189 a prime number?
True
Is 1551359 prime?
False
Is 5327461 a composite number?
False
Is 150047969 a composite number?
False
Is 274696221 prime?
False
Is 3294823 a prime number?
False
Is 2943289 a prime number?
True
Is 724991 a prime number?
True
Is 36901193 composite?
True
Is 1284223 prime?
True
Is 2941999 prime?
False
Is 18699949 prime?
False
Is 12712943 a composite number?
True
Is 786893 a composite number?
True
Is 16858067 prime?
False
Is 2835563 composite?
False
Is 9156821 composite?
False
Is 12011 prime?
True
Is 1652671 prime?
True
Is 50546983 a prime number?
False
Is 34830251 a prime number?
True
Is 600791 prime?
True
Is 80630185 a composite number?
True
Is 51144961 a prime number?
False
Is 775477 composite?
False
Is 276606613 prime?
True
Is 1299899 composite?
False
Is 3400637 a composite number?
False
Is 4000603 a composite number?
True
Is 3586837 prime?
False
Is 702467 a prime number?
False
Is 16220881 a prime number?
True
Is 7013203 a prime number?
True
Is 2147753 a composite number?
False
Is 331465 composite?
True
Is 2384699 a composite number?
True
Is 136804487 a prime number?
True
Is 41414069 a prime number?
True
Is 1444691 a prime number?
False
Is 94342643 a prime number?
True
Is 17622239 prime?
False
Is 3411769 a prime number?
False
Is 793927 a prime number?
True
Is 8189899 composite?
False
Is 457181309 prime?
False
Is 132704443 a composite number?
False
Is 678883 a prime number?
True
Is 9789569 a composite number?
True
Is 11807297 composite?
False
Is 12632617 a composite number?
False
Is 33873493 composite?
True
Is 351041189 prime?
True
Is 3544999 composite?
True
Is 138541981 prime?
False
Is 23426339 a prime number?
True
Is 38081651 composite?
False
Is 22714421 prime?
True
Is 4015465 a composite number?
True
Is 13510319 prime?
False
Is 941641 prime?
True
Is 164808463 composite?
False
Is 573950123 composite?
True
Is 3546617 a composite number?
True
Is 4852381 a composite number?
False
Is 4946531 a prime number?
False
Is 1178263 composite?
False
Is 109073 prime?
True
Is 68974141 prime?
True
Is 24658367 prime?
True
Is 20201 a prime number?
True
Is 54401 composite?
False
Is 34822327 a prime number?
True
Is 128253131 a prime number?
True
Is 53149487 a composite number?
False
Is 8065607 prime?
False
Is 914761 a prime number?
False
Is 4044731 a prime number?
True
Is 12766427 composite?
True
Is 1136342 composite?
True
Is 63850163 a composite number?
True
Is 97606813 a prime number?
True
Is 803789 prime?
False
Is 152812373 prime?
False
Is 177070261 a composite number?
True
Is 470069517 composite?
True
Is 87500299 a prime number?
True
Is 2249633 composite?
False
Is 41889145 prime?
False
Is 19102757 prime?
True
Is 13130499 a composite number?
True
Is 8484449 a prime number?
True
Is 15468127 prime?
False
Is 582296699 a prime number?
False
Is 863479 composite?
False
Is 1838631 a composite number?
True
Is 266634803 prime?
True
Is 5554231 a prime number?
True
Is 4932797 a prime number?
True
Is 658879 a prime number?
False
Is 485790913 composite?
False
Is 1010874619 a composite number?
False
Is 9781921 composite?
True
Is 5170058 composite?
True
Is 6421403 a prime number?
True
Is 218255161 a prime number?
True
Is 57043621 a composite number?
False
Is 11799911 prime?
True
Is 472784047 prime?
True
Is 182228557 a prime number?
False
Is 506281 prime?
True
Is 45101967 composite?
True
Is 408310853 prime?
True
Is 67020367 a prime number?
False
Is 5942131 a prime number?
False
Is 42554641 composite?
False
Is 102532673 prime?
False
Is 95691647 prime?
True
Is 1526521 composite?
False
Is 22933685 a composite number?
True
Is 16325921 a composite number?
True
Is 240558353 a prime number?
False
Is 29583214 composite?
True
Is 348596881 a composite number?
False
Is 19069871 prime?
True
Is 199009 composite?
True
Is 29830147 a prime number?
True
Is 12751015 a composite number?
True
Is 717233 prime?
False
Is 5829445 composite?
True
Is 114157 prime?
True
Is 16500287 composite?
True
Is 33910517 composite?
False
Is 7280711 a prime number?
False
Is 3827303 a composite number?
True
Is 675049 a prime number?
False
Is 66125743 a composite number?
True
Is 3503531 a composite number?
False
Is 47861669 prime?
False
Is 20626351 a composite number?
True
Is 54309511 a prime number?
True
Is 807067897 a prime number?
True
Is 1776637 composite?
False
Is 24092701 prime?
False
Is 24706993 prime?
False
Is 870421 a prime number?
False
Is 1265483719 composite?
True
Is 31702897 prime?
True
Is 1697063 prime?
True
Is 11495641 a prime number?
False
Is 58451689 a composite number?
False
Is 2030839 a composite number?
True
Is 26861731 a composite number?
True
Is 1922001 a composite number?
True
Is 21263419 composite?
True
Is 3809131 prime?
True
Is 13127497 a composite number?
False
Is 114420571 a prime number?
True
Is 2243027 prime?
True
Is 324315157 a prime number?
False
Is 1099831 prime?
False
Is 3366137 a prime number?
False
Is 4373803 composite?
True
Is 281517391 composite?
False
Is 13518034 a prime number?
False
Is 6036923 prime?
True
Is 2247851 prime?
True
Is 6797617 a composite number?
True
Is 13241 prime?
True
Is 455033677 prime?
False
Is 13264341 a prime number?
False
Is 4766191 a prime number?
False
Is 3363491 a composite number?
False
Is 1401481 a prime number?
True
Is 153931 composite?
True
Is 50119703 a composite number?
True
Is 821767 prime?
False
Is 20423551 composite?
False
Is 33622607 a prime number?
True
Is 186189481 composite?
False
Is 17928577 a prime number?
False
Is 3427967 prime?
True
Is 4124123 a prime number?
True
Is 13122281 prime?
False
Is 67074179 a composite number?
False
Is 10460809 a prime number?
True
Is 2718601 a composite number?
False
Is 9688619 a composite number?
False
Is 1716241 composite?
False
Is 97423894 prime?
False
Is 2009338 prime?
False
Is 11978287 a composite number?
False
Is 99691 prime?
False
Is 19124071 composite?
False
Is 501317 composite?
False
Is 94853 a composite number?
True
Is 270493 a prime number?
True
Is 32645399 composite?
False
Is 146270447 prime?
False
Is 65102621 composite?
False
Is 403041671 a composite number?
False
Is 129837131 a prime number?
True
Is 17452807 a prime number?
True
Is 601109 composite?
True
Is 2888441 a composite number?
False
Is 704917 a prime number?
False
Is 5728067 a composite number?
True
Is 245616947 prime?
True
Is 114237041 a composite number?
False
Is 105281593 composite?
True
Is 247213 composite?
True
Is 7664779 composite?
True
Is 83375623 a composite number?
False
Is 1254433 prime?
True
Is 137737 a prime number?
True
Is 39981311 a prime number?
True
Is 76484779 prime?
False
Is 118189 prime?
True
Is 118846877 composite?
False
Is 16392518 prime?
False
Is 2626565 composite?
True
Is 18897757 a prime number?
True
Is 